{"id":17,"date":"2021-06-06T19:39:54","date_gmt":"2021-06-06T17:39:54","guid":{"rendered":"https:\/\/leopold-kultur.at\/page\/?page_id=17"},"modified":"2024-11-19T07:41:16","modified_gmt":"2024-11-19T06:41:16","slug":"kontakt","status":"publish","type":"page","link":"https:\/\/leopold-kultur.at\/page\/kontakt\/","title":{"rendered":"Kontakt"},"content":{"rendered":"\t\t<div data-elementor-type=\"wp-page\" data-elementor-id=\"17\" class=\"elementor elementor-17\">\n\t\t\t\t\t\t<section class=\"elementor-section elementor-top-section elementor-element elementor-element-44d4d0ff elementor-section-boxed elementor-section-height-default elementor-section-height-default\" data-id=\"44d4d0ff\" data-element_type=\"section\">\n\t\t\t\t\t\t<div class=\"elementor-container elementor-column-gap-default\">\n\t\t\t\t\t<div class=\"elementor-column elementor-col-100 elementor-top-column elementor-element elementor-element-5090e53f\" data-id=\"5090e53f\" data-element_type=\"column\">\n\t\t\t<div class=\"elementor-widget-wrap elementor-element-populated\">\n\t\t\t\t\t\t<div class=\"elementor-element elementor-element-2aa4004c elementor-widget elementor-widget-text-editor\" data-id=\"2aa4004c\" data-element_type=\"widget\" data-widget_type=\"text-editor.default\">\n\t\t\t\t<div class=\"elementor-widget-container\">\n\t\t\t\t\t\t\t\t\t<div class=\"wp-block-cover alignfull has-nv-site-bg-background-color has-background-dim\" style=\"min-height: 300px;\">\n<div class=\"wp-block-cover__inner-container\">\n<p><\/p>\n<div class=\"wp-block-group\"><div class=\"wp-block-group__inner-container\">\n<div class=\"wp-block-group__inner-container is-layout-flow wp-block-group-is-layout-flow\">\n<p><\/p>\n<h1 class=\"has-text-align-left has-neve-text-color-color has-text-color wp-block-heading\">Kontakt<\/h1>\n<p><\/p>\n<\/div>\n<\/div><\/div>\n<p><\/p>\n<\/div>\n<\/div>\n<p><!-- \/wp:cover -->\n\n<!-- wp:cover {\"overlayColor\":\"nv-light-bg\",\"minHeight\":420,\"align\":\"full\"} --><\/p>\n<div class=\"wp-block-cover alignfull has-nv-light-bg-background-color has-background-dim\" style=\"min-height: 420px;\">\n<div class=\"wp-block-cover__inner-container\">\n<p><!-- wp:spacer {\"height\":80} --><\/p>\n<div class=\"wp-block-spacer\" style=\"height: 80px;\" aria-hidden=\"true\">\u00a0<\/div>\n<p><!-- \/wp:spacer -->\n\n<!-- wp:columns --><\/p>\n<div class=\"wp-block-columns\">\n<p><!-- wp:column --><\/p>\n<div class=\"wp-block-column\">\n<p><!-- wp:spacer {\"height\":24} --><\/p>\n<div class=\"wp-block-spacer\" style=\"height: 24px;\" aria-hidden=\"true\">\u00a0<\/div>\n<p><!-- \/wp:spacer -->\n\n<!-- wp:image {\"align\":\"center\",\"width\":48,\"height\":48,\"className\":\"icon-style is-style-rounded\"} --><\/p>\n<div class=\"wp-block-image icon-style is-style-rounded\">\n<figure class=\"aligncenter is-resized\"><img decoding=\"async\" src=\"https:\/\/leopold-kultur.at\/page\/wp-content\/uploads\/icon-06.svg\" alt=\"\" width=\"48\" height=\"48\" \/><\/figure>\n<\/div>\n<p><!-- \/wp:image -->\n\n<!-- wp:heading {\"level\":3,\"textColor\":\"neve-text-color\",\"className\":\"has-text-align-center\"} --><\/p>\n<h3 class=\"has-text-align-center has-neve-text-color-color has-text-color\">via E-Mail<\/h3>\n<p><!-- \/wp:heading -->\n\n<!-- wp:paragraph {\"align\":\"center\",\"style\":{\"typography\":{\"fontSize\":15}},\"textColor\":\"neve-text-color\"} --><\/p>\n<p class=\"has-text-align-center has-neve-text-color-color has-text-color\" style=\"font-size: 15px;\">info@leopold-kultur.at<\/p>\n<p><!-- \/wp:paragraph -->\n\n<!-- wp:spacer {\"height\":24} --><\/p>\n<div class=\"wp-block-spacer\" style=\"height: 24px;\" aria-hidden=\"true\">\u00a0<\/div>\n<p><!-- \/wp:spacer --><\/p>\n<\/div>\n<p><!-- \/wp:column -->\n\n<!-- wp:column --><\/p>\n<div class=\"wp-block-column\">\n<p><!-- wp:spacer {\"height\":24} --><\/p>\n<div class=\"wp-block-spacer\" style=\"height: 24px;\" aria-hidden=\"true\">\u00a0<\/div>\n<p><!-- \/wp:spacer -->\n\n<!-- wp:image {\"align\":\"center\",\"width\":48,\"height\":48,\"className\":\"icon-style is-style-rounded\"} --><\/p>\n<div class=\"wp-block-image icon-style is-style-rounded\">\n<figure class=\"aligncenter is-resized\"><img decoding=\"async\" src=\"https:\/\/leopold-kultur.at\/page\/wp-content\/uploads\/icon-04.svg\" alt=\"\" width=\"48\" height=\"48\" \/><\/figure>\n<\/div>\n<p><!-- \/wp:image -->\n\n<!-- wp:heading {\"level\":3,\"textColor\":\"neve-text-color\",\"className\":\"has-text-align-center\"} --><\/p>\n<h3 class=\"has-text-align-center has-neve-text-color-color has-text-color\">via Post<\/h3>\n<p><!-- \/wp:heading -->\n\n<!-- wp:paragraph {\"align\":\"center\",\"style\":{\"typography\":{\"fontSize\":15}},\"textColor\":\"neve-text-color\"} --><\/p>\n<p class=\"has-text-align-center has-neve-text-color-color has-text-color\" style=\"font-size: 15px;\">Bitte schreiben Sie &#8222;z.Hd. Leopoldst\u00e4dter Bildungszentrum&#8220;<br \/>Hafnergasse 3\/11, 1020 Wien, \u00d6sterreich<\/p>\n<p><em>(alte Anschrift: Obere Augartenstra\u00dfe 18\/1\/27, 1020 Wien &#8211; nicht mehr aktuell)<\/em><\/p>\n<p><!-- \/wp:paragraph -->\n\n<!-- wp:spacer {\"height\":24} --><\/p>\n<div class=\"wp-block-spacer\" style=\"height: 24px;\" aria-hidden=\"true\">\u00a0<\/div>\n<p><!-- \/wp:spacer --><\/p>\n<\/div>\n<p><!-- \/wp:column --><\/p>\n<\/div>\n<p><!-- \/wp:columns -->\n\n<!-- wp:spacer {\"height\":30} --><\/p>\n<div class=\"wp-block-spacer\" style=\"height: 30px;\" aria-hidden=\"true\">\u00a0<\/div>\n<p><!-- \/wp:spacer --><\/p>\n<\/div>\n<\/div>\n<p><!-- \/wp:cover -->\n\n<!-- wp:cover {\"overlayColor\":\"nv-dark-bg\",\"minHeight\":600,\"align\":\"full\"} --><\/p>\n<div class=\"wp-block-cover alignfull has-nv-dark-bg-background-color has-background-dim\" style=\"min-height: 600px;\">\n<div class=\"wp-block-cover__inner-container\">\n<p><!-- wp:group --><\/p>\n<div class=\"wp-block-group\">\n<div class=\"wp-block-group__inner-container\">\n<p><!-- wp:spacer {\"height\":80} --><\/p>\n<div class=\"wp-block-spacer\" style=\"height: 80px;\" aria-hidden=\"true\">\u00a0<\/div>\n<p><!-- \/wp:spacer -->\n\n<!-- wp:columns --><\/p>\n<div class=\"wp-block-columns\">\n<p><!-- wp:column {\"verticalAlignment\":\"center\",\"width\":\"50%\"} --><\/p>\n<div class=\"wp-block-column is-vertically-aligned-center\" style=\"flex-basis: 50%;\">\n<p><!-- wp:heading {\"textColor\":\"nv-text-dark-bg\"} --><\/p>\n<h2 class=\"has-nv-text-dark-bg-color has-text-color\">Kontaktieren Sie uns<\/h2>\n<p><!-- \/wp:heading -->\n\n<!-- wp:paragraph {\"textColor\":\"white\"} --><\/p>\n<p class=\"has-white-color has-text-color\">Sie k\u00f6nnen uns auch online mit dem Kontaktformular anschreiben und Ihr Anliegen \u00e4u\u00dfern.<\/p>\n<p><!-- \/wp:paragraph -->\n\n<!-- wp:paragraph --><\/p>\n<p><!-- \/wp:paragraph --><\/p>\n<\/div>\n<p><!-- \/wp:column -->\n\n<!-- wp:column {\"verticalAlignment\":\"center\",\"width\":\"50%\"} --><\/p>\n<div class=\"wp-block-column is-vertically-aligned-center\" style=\"flex-basis: 50%;\">\n<p><!-- wp:contact-form-7\/contact-form-selector {\"id\":5,\"title\":\"Contact form 1\"} --><\/p>\n<div class=\"wp-block-contact-form-7-contact-form-selector\">\n<div class=\"wpcf7 no-js\" id=\"wpcf7-f5-o1\" lang=\"de-AT\" dir=\"ltr\" data-wpcf7-id=\"5\">\n<div class=\"screen-reader-response\"><p role=\"status\" aria-live=\"polite\" aria-atomic=\"true\"><\/p> <ul><\/ul><\/div>\n<form action=\"\/page\/wp-json\/wp\/v2\/pages\/17#wpcf7-f5-o1\" method=\"post\" class=\"wpcf7-form init\" aria-label=\"Contact form\" novalidate=\"novalidate\" data-status=\"init\">\n<fieldset class=\"hidden-fields-container\"><input type=\"hidden\" name=\"_wpcf7\" value=\"5\" \/><input type=\"hidden\" name=\"_wpcf7_version\" value=\"6.1.3\" \/><input type=\"hidden\" name=\"_wpcf7_locale\" value=\"de_AT\" \/><input type=\"hidden\" name=\"_wpcf7_unit_tag\" value=\"wpcf7-f5-o1\" \/><input type=\"hidden\" name=\"_wpcf7_container_post\" value=\"0\" \/><input type=\"hidden\" name=\"_wpcf7_posted_data_hash\" value=\"\" \/>\n<\/fieldset>\n<p><label> Name<br \/>\n<span class=\"wpcf7-form-control-wrap\" data-name=\"your-name\"><input size=\"40\" maxlength=\"400\" class=\"wpcf7-form-control wpcf7-text wpcf7-validates-as-required\" aria-required=\"true\" aria-invalid=\"false\" value=\"\" type=\"text\" name=\"your-name\" \/><\/span> <\/label>\n<\/p>\n<p><label> E-Mail<br \/>\n<span class=\"wpcf7-form-control-wrap\" data-name=\"your-email\"><input size=\"40\" maxlength=\"400\" class=\"wpcf7-form-control wpcf7-email wpcf7-validates-as-required wpcf7-text wpcf7-validates-as-email\" aria-required=\"true\" aria-invalid=\"false\" value=\"\" type=\"email\" name=\"your-email\" \/><\/span> <\/label>\n<\/p>\n<p><label> Nachricht<br \/>\n<span class=\"wpcf7-form-control-wrap\" data-name=\"your-message\"><textarea cols=\"40\" rows=\"10\" maxlength=\"2000\" class=\"wpcf7-form-control wpcf7-textarea wpcf7-validates-as-required\" aria-required=\"true\" aria-invalid=\"false\" name=\"your-message\"><\/textarea><\/span> <\/label>\n<\/p>\n<p>Geben Sie folgende Zeichen ein: <input type=\"hidden\" name=\"_wpcf7_captcha_challenge_captcha-118\" value=\"1158704500\" \/><img decoding=\"async\" class=\"wpcf7-form-control wpcf7-captchac wpcf7-captcha-captcha-118\" width=\"72\" height=\"24\" alt=\"captcha\" src=\"https:\/\/leopold-kultur.at\/page\/wp-content\/uploads\/wpcf7_captcha\/1158704500.png\" \/><br \/>\n<span class=\"wpcf7-form-control-wrap\" data-name=\"captcha-118\"><input size=\"4\" maxlength=\"4\" class=\"wpcf7-form-control wpcf7-captchar\" autocomplete=\"off\" aria-invalid=\"false\" value=\"\" type=\"text\" name=\"captcha-118\" \/><\/span>\n<\/p>\n<p><input class=\"wpcf7-form-control wpcf7-submit has-spinner\" type=\"submit\" value=\"Absenden\" \/>\n<\/p><div class=\"wpcf7-response-output\" aria-hidden=\"true\"><\/div>\n<\/form>\n<\/div>\n<\/div>\n<p><!-- \/wp:contact-form-7\/contact-form-selector --><\/p>\n<\/div>\n<p><!-- \/wp:column --><\/p>\n<\/div>\n<p><!-- \/wp:columns -->\n\n<!-- wp:spacer {\"height\":40} --><\/p>\n<div class=\"wp-block-spacer\" style=\"height: 40px;\" aria-hidden=\"true\">\u00a0<\/div>\n<p><!-- \/wp:spacer --><\/p>\n<\/div>\n<\/div>\n<p><!-- \/wp:group --><\/p>\n<\/div>\n<\/div>\n<p><!-- \/wp:cover -->\n\n<!-- wp:cover {\"overlayColor\":\"nv-light-bg\",\"minHeight\":420,\"align\":\"full\"} --><\/p>\n<div class=\"wp-block-cover alignfull has-nv-light-bg-background-color has-background-dim\" style=\"min-height: 420px;\">\n<div class=\"wp-block-cover__inner-container\">\n<p><!-- wp:spacer {\"height\":80} --><\/p>\n<div class=\"wp-block-spacer\" style=\"height: 80px;\" aria-hidden=\"true\">\u00a0<\/div>\n<p><!-- \/wp:spacer -->\n\n<!-- wp:columns --><\/p>\n<div class=\"wp-block-columns\">\n<p><!-- wp:column --><\/p>\n<div class=\"wp-block-column\">\n<p><!-- wp:heading {\"textColor\":\"neve-link-color\"} --><\/p>\n<h2 class=\"has-neve-link-color-color has-text-color\">Impressum<\/h2>\n<p><!-- \/wp:heading -->\n\n<!-- wp:paragraph {\"textColor\":\"neve-link-color\"} --><\/p>\n<p class=\"has-neve-link-color-color has-text-color\">Inhaber und Betreiber der Website sowie Datenverantwortlicher:<\/p>\n<p><!-- \/wp:paragraph -->\n\n<!-- wp:paragraph {\"textColor\":\"neve-link-color\"} --><\/p>\n<p class=\"has-neve-link-color-color has-text-color\">Verein Leopoldst\u00e4dter Bildungszentrum<br \/>Hafnergasse 3\/11<br \/>1020 Wien<br \/>\u00d6sterreich<br \/><span style=\"font-size: 10px;\">(davor: Obere Augartenstra\u00dfe 18\/1\/27, 1020 Wien)<\/span><\/p>\n<p><!-- \/wp:paragraph -->\n\n<!-- wp:paragraph {\"textColor\":\"neve-link-color\"} --><\/p>\n<p class=\"has-neve-link-color-color has-text-color\">ZVR Nr.: 736 058 678<\/p>\n<p><!-- \/wp:paragraph -->\n\n<!-- wp:paragraph {\"textColor\":\"neve-link-color\"} --><\/p>\n<p class=\"has-neve-link-color-color has-text-color\">Kontakt: obfrau@leopold-kultur.at<\/p>\n<p><!-- \/wp:paragraph --><\/p>\n<\/div>\n<p><!-- \/wp:column -->\n\n<!-- wp:column --><\/p>\n<div class=\"wp-block-column\">\n<p><!-- wp:heading {\"textAlign\":\"center\",\"textColor\":\"neve-link-color\"} --><\/p>\n<h2 class=\"has-text-align-center has-neve-link-color-color has-text-color\">F\u00f6rderung<\/h2>\n<p><!-- \/wp:heading -->\n\n<!-- wp:paragraph {\"align\":\"center\",\"textColor\":\"neve-link-color\"} --><\/p>\n<p class=\"has-text-align-center has-neve-link-color-color has-text-color\">Dieser Verein wird durch die Basiskultur Wien gef\u00f6rdert.<\/p>\n<p><!-- \/wp:paragraph -->\n\n<!-- wp:image {\"align\":\"center\",\"id\":99,\"width\":256,\"height\":256,\"sizeSlug\":\"large\",\"linkDestination\":\"none\"} --><\/p>\n<div class=\"wp-block-image\">\n<figure class=\"aligncenter size-large is-resized\"><img loading=\"lazy\" decoding=\"async\" class=\"wp-image-99\" src=\"https:\/\/leopold-kultur.at\/page\/wp-content\/uploads\/2021\/06\/Basis-Kultur-Wien_Logo_Referatsabteilungslogo_Kultur-Vor-Ort_3C-1024x1024.png\" alt=\"\" width=\"256\" height=\"256\" srcset=\"https:\/\/leopold-kultur.at\/page\/wp-content\/uploads\/2021\/06\/Basis-Kultur-Wien_Logo_Referatsabteilungslogo_Kultur-Vor-Ort_3C-1024x1024.png 1024w, https:\/\/leopold-kultur.at\/page\/wp-content\/uploads\/2021\/06\/Basis-Kultur-Wien_Logo_Referatsabteilungslogo_Kultur-Vor-Ort_3C-300x300.png 300w, https:\/\/leopold-kultur.at\/page\/wp-content\/uploads\/2021\/06\/Basis-Kultur-Wien_Logo_Referatsabteilungslogo_Kultur-Vor-Ort_3C-150x150.png 150w, https:\/\/leopold-kultur.at\/page\/wp-content\/uploads\/2021\/06\/Basis-Kultur-Wien_Logo_Referatsabteilungslogo_Kultur-Vor-Ort_3C-768x767.png 768w, https:\/\/leopold-kultur.at\/page\/wp-content\/uploads\/2021\/06\/Basis-Kultur-Wien_Logo_Referatsabteilungslogo_Kultur-Vor-Ort_3C.png 1183w\" sizes=\"(max-width: 256px) 100vw, 256px\" \/><\/figure>\n<\/div>\n<p><!-- \/wp:image --><\/p>\n<\/div>\n<p><!-- \/wp:column --><\/p>\n<\/div>\n<p><!-- \/wp:columns -->\n\n<!-- wp:spacer {\"height\":30} --><\/p>\n<div class=\"wp-block-spacer\" style=\"height: 30px;\" aria-hidden=\"true\">\u00a0<\/div>\n<p><!-- \/wp:spacer --><\/p>\n<\/div>\n<\/div>\n<p><!-- \/wp:cover --><\/p>\t\t\t\t\t\t\t\t<\/div>\n\t\t\t\t<\/div>\n\t\t\t\t\t<\/div>\n\t\t<\/div>\n\t\t\t\t\t<\/div>\n\t\t<\/section>\n\t\t\t\t<\/div>\n\t\t","protected":false},"excerpt":{"rendered":"<p>Kontakt \u00a0 \u00a0 via E-Mail info@leopold-kultur.at \u00a0 \u00a0 via Post Bitte schreiben Sie &#8222;z.Hd. Leopoldst\u00e4dter Bildungszentrum&#8220;Hafnergasse 3\/11, 1020 Wien, \u00d6sterreich (alte Anschrift: Obere Augartenstra\u00dfe 18\/1\/27, 1020 Wien &#8211; nicht mehr aktuell) \u00a0 \u00a0 \u00a0 Kontaktieren Sie uns Sie k\u00f6nnen uns auch online mit dem Kontaktformular anschreiben und Ihr Anliegen \u00e4u\u00dfern. \u00a0 \u00a0 Impressum Inhaber und&hellip;&nbsp;<a href=\"https:\/\/leopold-kultur.at\/page\/kontakt\/\" rel=\"bookmark\">Weiterlesen &raquo;<span class=\"screen-reader-text\">Kontakt<\/span><\/a><\/p>\n","protected":false},"author":1,"featured_media":0,"parent":0,"menu_order":0,"comment_status":"closed","ping_status":"closed","template":"","meta":{"neve_meta_sidebar":"","neve_meta_container":"","neve_meta_enable_content_width":"on","neve_meta_content_width":100,"neve_meta_title_alignment":"","neve_meta_author_avatar":"","neve_post_elements_order":"","neve_meta_disable_header":"","neve_meta_disable_footer":"","neve_meta_disable_title":"on","footnotes":""},"class_list":["post-17","page","type-page","status-publish","hentry"],"_links":{"self":[{"href":"https:\/\/leopold-kultur.at\/page\/wp-json\/wp\/v2\/pages\/17","targetHints":{"allow":["GET"]}}],"collection":[{"href":"https:\/\/leopold-kultur.at\/page\/wp-json\/wp\/v2\/pages"}],"about":[{"href":"https:\/\/leopold-kultur.at\/page\/wp-json\/wp\/v2\/types\/page"}],"author":[{"embeddable":true,"href":"https:\/\/leopold-kultur.at\/page\/wp-json\/wp\/v2\/users\/1"}],"replies":[{"embeddable":true,"href":"https:\/\/leopold-kultur.at\/page\/wp-json\/wp\/v2\/comments?post=17"}],"version-history":[{"count":19,"href":"https:\/\/leopold-kultur.at\/page\/wp-json\/wp\/v2\/pages\/17\/revisions"}],"predecessor-version":[{"id":648,"href":"https:\/\/leopold-kultur.at\/page\/wp-json\/wp\/v2\/pages\/17\/revisions\/648"}],"wp:attachment":[{"href":"https:\/\/leopold-kultur.at\/page\/wp-json\/wp\/v2\/media?parent=17"}],"curies":[{"name":"wp","href":"https:\/\/api.w.org\/{rel}","templated":true}]}}