{"id":171,"date":"2021-12-13T22:39:43","date_gmt":"2021-12-13T21:39:43","guid":{"rendered":"https:\/\/leopold-kultur.at\/page\/?page_id=171"},"modified":"2021-12-29T11:03:37","modified_gmt":"2021-12-29T10:03:37","slug":"programm-weihnachtskonzert-ii","status":"publish","type":"page","link":"https:\/\/leopold-kultur.at\/page\/programm-weihnachtskonzert-ii\/","title":{"rendered":"Programm Weihnachtskonzert am 16.12.2021"},"content":{"rendered":"\n<h2 class=\"wp-block-heading\">Programm<\/h2>\n\n\n\n<p>Das Programm k\u00f6nne Sie <a href=\"https:\/\/leopold-kultur.at\/page\/wp-content\/uploads\/2021\/12\/LBZ_Orgelkonzert_2021.pdf\">hier<\/a> als PDF ansehen.<\/p>\n\n\n\n<h2 class=\"wp-block-heading\">Biographie der Musiker:innen<\/h2>\n\n\n\n<p><strong>Tomomi PEICHL<\/strong> kommt aus Japan und erhielt bereits in ihrem 12. Lebensjahr Posaunenunterricht.<br>Im April 2016 hat sie ihr Masterstudium an der \u201eMusik und Kunst Privatuniversit\u00e4t der Stadt Wien\u201c mit Auszeichnung abgeschlossen. Weiters hat sie 2018 den Bachelor-Grad f\u00fcr Instrumental- und Gesangsp\u00e4dagogik am Richard Wagner Konservatorium erworben, ebenfalls mit ausgezeichnetem Erfolg.<\/p>\n\n\n\n<p>Seit November 2011 spielt sie regelm\u00e4\u00dfig in verschiedenen professionellen Orchestern zum Beispiel, Opern, Operetten, Musicals, Ballett, Symphonie.<br>Au\u00dferdem ist sie erfolgreich als P\u00e4dagogin t\u00e4tig.<br>Im Jahr 2020 hat sie das Posaunen-Ensemble \u201eTomBones\u201c mit ihren Sch\u00fcler-innen gegr\u00fcndet.<\/p>\n\n\n\n<p><strong>G\u00fcnther ZERBES<\/strong> wurde 1964 in Wien geboren. Nach der Matura begann er erst ein Medizinstudium und wechselte dann zum Gesang, Unterricht an der Hochschule f\u00fcr Musik und darstellende Kunst Wien bei Prof. Adelheid Schmid und Prof. Rolf Sartorius. Noch zu Studienzeiten trat er dem Wiener Madrigalchor bei und war dann ab 1990 Chors\u00e4nger an der Wiener Staatsoper.<\/p>\n\n\n\n<p>Daneben begann er rege Unterrichtst\u00e4tigkeit, neben Fremdsprachen besonders im Fach Gesang. Nach 20 Jahren Chorgesang war als Solist einer reisenden Operntruppe t\u00e4tig, als Bariton im angestammten Fach neben Ausfl\u00fcgen ins tiefe Bassfach. Zahlreiche Liederabende erg\u00e4nzen sein k\u00fcnstlerisches Schaffen.<br>Seit 2012 ist G\u00fcnther Zerbes erfolgreicher Leiter mehrerer \u00f6sterreichischer Ch\u00f6re sowie als Kirchenmusiker an der Orgel und am Dirigentenpult t\u00e4tig.<\/p>\n","protected":false},"excerpt":{"rendered":"<p>Programm Das Programm k\u00f6nne Sie hier als PDF ansehen. Biographie der Musiker:innen Tomomi PEICHL kommt aus Japan und erhielt bereits in ihrem 12. Lebensjahr Posaunenunterricht.Im April 2016 hat sie ihr Masterstudium an der \u201eMusik und Kunst Privatuniversit\u00e4t der Stadt Wien\u201c mit Auszeichnung abgeschlossen. Weiters hat sie 2018 den Bachelor-Grad f\u00fcr Instrumental- und Gesangsp\u00e4dagogik am Richard&hellip;&nbsp;<a href=\"https:\/\/leopold-kultur.at\/page\/programm-weihnachtskonzert-ii\/\" rel=\"bookmark\">Weiterlesen &raquo;<span class=\"screen-reader-text\">Programm Weihnachtskonzert am 16.12.2021<\/span><\/a><\/p>\n","protected":false},"author":1,"featured_media":0,"parent":0,"menu_order":0,"comment_status":"closed","ping_status":"closed","template":"","meta":{"neve_meta_sidebar":"full-width","neve_meta_container":"","neve_meta_enable_content_width":"on","neve_meta_content_width":100,"neve_meta_title_alignment":"","neve_meta_author_avatar":"","neve_post_elements_order":"","neve_meta_disable_header":"","neve_meta_disable_footer":"","neve_meta_disable_title":"","footnotes":""},"class_list":["post-171","page","type-page","status-publish","hentry"],"_links":{"self":[{"href":"https:\/\/leopold-kultur.at\/page\/wp-json\/wp\/v2\/pages\/171","targetHints":{"allow":["GET"]}}],"collection":[{"href":"https:\/\/leopold-kultur.at\/page\/wp-json\/wp\/v2\/pages"}],"about":[{"href":"https:\/\/leopold-kultur.at\/page\/wp-json\/wp\/v2\/types\/page"}],"author":[{"embeddable":true,"href":"https:\/\/leopold-kultur.at\/page\/wp-json\/wp\/v2\/users\/1"}],"replies":[{"embeddable":true,"href":"https:\/\/leopold-kultur.at\/page\/wp-json\/wp\/v2\/comments?post=171"}],"version-history":[{"count":5,"href":"https:\/\/leopold-kultur.at\/page\/wp-json\/wp\/v2\/pages\/171\/revisions"}],"predecessor-version":[{"id":216,"href":"https:\/\/leopold-kultur.at\/page\/wp-json\/wp\/v2\/pages\/171\/revisions\/216"}],"wp:attachment":[{"href":"https:\/\/leopold-kultur.at\/page\/wp-json\/wp\/v2\/media?parent=171"}],"curies":[{"name":"wp","href":"https:\/\/api.w.org\/{rel}","templated":true}]}}