{"id":208,"date":"2021-12-21T20:12:31","date_gmt":"2021-12-21T19:12:31","guid":{"rendered":"https:\/\/leopold-kultur.at\/page\/?page_id=208"},"modified":"2022-12-14T10:58:53","modified_gmt":"2022-12-14T09:58:53","slug":"veranstaltungen-2022","status":"publish","type":"page","link":"https:\/\/leopold-kultur.at\/page\/veranstaltungen-2022\/","title":{"rendered":"Veranstaltungen 2022"},"content":{"rendered":"\n<p>Sehr geehrte Besucherinnen und Besucher!<\/p>\n\n\n\n<p>Einige der urspr\u00fcnglich geplanten Veranstaltungen konnten aus Krankheitsgr\u00fcnden leider nicht stattfinden (werden aber n\u00e4chstes Jahr nachgeholt). F\u00fcr das Jahr 2022 sind im Dezember Veranstaltungen geplant (freier Eintritt). Fixiert ist der folgende Termin:<\/p>\n\n\n\n<ul class=\"wp-block-list\"><li><strong>Orgelkonzert Stefan Donner (<strong>Bach, Mozart, Reger, Schumann<\/strong>): So 18.12.2022 17h &#8211; Verkl\u00e4rungskirche Am Tabor 5<\/strong>, 1020 Wien<\/li><\/ul>\n\n\n\n<p><em>Hinweis: Das urspr\u00fcnglich f\u00fcr Di 27.12.2022 angek\u00fcndigte Konzert Trompete und Orgel kann leider nicht in der vorgesehenen Form als Veranstaltung des Leopoldst\u00e4dter Bildungszentrums stattfinden.<\/em><\/p>\n\n\n\n<p>Falls Sie Interesse an der Aufnahme in den eMail-Verteiler haben, schicken Sie uns bitte eine <strong>Info <\/strong>per E-Mail an <a href=\"mailto:obfrau@leopold-kultur.at\">obfrau@leopold-kultur.at<\/a> oder f\u00fcllen Sie f\u00fcr diese Veranstaltungen bzw. weitere Informationsangebote das <strong>Voranmeldeformular <\/strong>unten aus &#8211; Vielen Dank!<\/p>\n\n\n\n<figure>\n<table>\n<tbody>\n<tr>\n<td>Datum<\/td>\n<td>Genre<\/td>\n<td>Inhalt\/Beschreibung<\/td>\n<\/tr>\n\n\n<tr>\n<td>2022<\/td>\n<td><\/td>\n<td>Wird erg\u00e4nzt &#8230;<\/td>\n<\/tr>\n<\/tbody>\n<\/table>\n<\/figure>\n\n\n\n\n\n<h3 class=\"wp-block-heading\">Voranmeldung<\/h3>\n\n\n\n<div class=\"wp-block-contact-form-7-contact-form-selector\">\n<div class=\"wpcf7 no-js\" id=\"wpcf7-f123-o1\" lang=\"de-AT\" dir=\"ltr\" data-wpcf7-id=\"123\">\n<div class=\"screen-reader-response\"><p role=\"status\" aria-live=\"polite\" aria-atomic=\"true\"><\/p> <ul><\/ul><\/div>\n<form action=\"\/page\/wp-json\/wp\/v2\/pages\/208#wpcf7-f123-o1\" method=\"post\" class=\"wpcf7-form init\" aria-label=\"Contact form\" novalidate=\"novalidate\" data-status=\"init\">\n<fieldset class=\"hidden-fields-container\"><input type=\"hidden\" name=\"_wpcf7\" value=\"123\" \/><input type=\"hidden\" name=\"_wpcf7_version\" value=\"6.1.3\" \/><input type=\"hidden\" name=\"_wpcf7_locale\" value=\"de_AT\" \/><input type=\"hidden\" name=\"_wpcf7_unit_tag\" value=\"wpcf7-f123-o1\" \/><input type=\"hidden\" name=\"_wpcf7_container_post\" value=\"0\" \/><input type=\"hidden\" name=\"_wpcf7_posted_data_hash\" value=\"\" \/>\n<\/fieldset>\n<style>span.wpcf7-list-item {display: block;}\n<\/style>\n<p><label> <b>Vorname und NACHNAME<\/b><br \/>\n<span class=\"wpcf7-form-control-wrap\" data-name=\"your-name\"><input size=\"40\" maxlength=\"400\" class=\"wpcf7-form-control wpcf7-text wpcf7-validates-as-required\" aria-required=\"true\" aria-invalid=\"false\" value=\"\" type=\"text\" name=\"your-name\" \/><\/span> <\/label><br \/>\n<label> <b>E-Mail<\/b><br \/>\n<span class=\"wpcf7-form-control-wrap\" data-name=\"your-email\"><input size=\"40\" maxlength=\"400\" class=\"wpcf7-form-control wpcf7-email wpcf7-validates-as-required wpcf7-text wpcf7-validates-as-email\" aria-required=\"true\" aria-invalid=\"false\" value=\"\" type=\"email\" name=\"your-email\" \/><\/span> <\/label><br \/>\n<label> <b>Veranstaltung:<\/b> <\/label><br \/>\n<!--\n<span class=\"wpcf7-form-control-wrap\" data-name=\"radio-sel\"><span class=\"wpcf7-form-control wpcf7-radio\"><span class=\"wpcf7-list-item first\"><label><input type=\"radio\" name=\"radio-sel\" value=\"September\/Oktober: Vortrag und Spurensuchen\" checked=\"checked\" \/><span class=\"wpcf7-list-item-label\">September\/Oktober: Vortrag und Spurensuchen<\/span><\/label><\/span><span class=\"wpcf7-list-item last\"><label><input type=\"radio\" name=\"radio-sel\" value=\"Dezember: Konzert\" \/><span class=\"wpcf7-list-item-label\">Dezember: Konzert<\/span><\/label><\/span><\/span><\/span>\n--><br \/>\nKeine verf\u00fcgbar\n<\/p><!--\n<input class=\"wpcf7-form-control wpcf7-submit has-spinner\" type=\"submit\" value=\"Voranmelden\" \/>\n--><div class=\"wpcf7-response-output\" aria-hidden=\"true\"><\/div>\n<\/form>\n<\/div>\n<\/div>\n\n\n\n<div class=\"wp-block-image\"><figure class=\"aligncenter size-large is-resized\"><img fetchpriority=\"high\" decoding=\"async\" src=\"https:\/\/leopold-kultur.at\/page\/wp-content\/uploads\/2021\/06\/Basis-Kultur-Wien_Logo_Referatsabteilungslogo_Kultur-Vor-Ort_3C-1024x1024.png\" alt=\"\" class=\"wp-image-99\" width=\"256\" height=\"256\" srcset=\"https:\/\/leopold-kultur.at\/page\/wp-content\/uploads\/2021\/06\/Basis-Kultur-Wien_Logo_Referatsabteilungslogo_Kultur-Vor-Ort_3C-1024x1024.png 1024w, https:\/\/leopold-kultur.at\/page\/wp-content\/uploads\/2021\/06\/Basis-Kultur-Wien_Logo_Referatsabteilungslogo_Kultur-Vor-Ort_3C-300x300.png 300w, https:\/\/leopold-kultur.at\/page\/wp-content\/uploads\/2021\/06\/Basis-Kultur-Wien_Logo_Referatsabteilungslogo_Kultur-Vor-Ort_3C-150x150.png 150w, https:\/\/leopold-kultur.at\/page\/wp-content\/uploads\/2021\/06\/Basis-Kultur-Wien_Logo_Referatsabteilungslogo_Kultur-Vor-Ort_3C-768x767.png 768w, https:\/\/leopold-kultur.at\/page\/wp-content\/uploads\/2021\/06\/Basis-Kultur-Wien_Logo_Referatsabteilungslogo_Kultur-Vor-Ort_3C.png 1183w\" sizes=\"(max-width: 256px) 100vw, 256px\" \/><\/figure><\/div>\n\n\n\n<p>&nbsp;<\/p>\n","protected":false},"excerpt":{"rendered":"<p>Sehr geehrte Besucherinnen und Besucher! Einige der urspr\u00fcnglich geplanten Veranstaltungen konnten aus Krankheitsgr\u00fcnden leider nicht stattfinden (werden aber n\u00e4chstes Jahr nachgeholt). F\u00fcr das Jahr 2022 sind im Dezember Veranstaltungen geplant (freier Eintritt). Fixiert ist der folgende Termin: Orgelkonzert Stefan Donner (Bach, Mozart, Reger, Schumann): So 18.12.2022 17h &#8211; Verkl\u00e4rungskirche Am Tabor 5, 1020 Wien Hinweis:&hellip;&nbsp;<a href=\"https:\/\/leopold-kultur.at\/page\/veranstaltungen-2022\/\" rel=\"bookmark\">Weiterlesen &raquo;<span class=\"screen-reader-text\">Veranstaltungen 2022<\/span><\/a><\/p>\n","protected":false},"author":1,"featured_media":0,"parent":0,"menu_order":0,"comment_status":"closed","ping_status":"closed","template":"","meta":{"neve_meta_sidebar":"full-width","neve_meta_container":"","neve_meta_enable_content_width":"on","neve_meta_content_width":100,"neve_meta_title_alignment":"","neve_meta_author_avatar":"","neve_post_elements_order":"","neve_meta_disable_header":"","neve_meta_disable_footer":"","neve_meta_disable_title":"","footnotes":""},"class_list":["post-208","page","type-page","status-publish","hentry"],"_links":{"self":[{"href":"https:\/\/leopold-kultur.at\/page\/wp-json\/wp\/v2\/pages\/208","targetHints":{"allow":["GET"]}}],"collection":[{"href":"https:\/\/leopold-kultur.at\/page\/wp-json\/wp\/v2\/pages"}],"about":[{"href":"https:\/\/leopold-kultur.at\/page\/wp-json\/wp\/v2\/types\/page"}],"author":[{"embeddable":true,"href":"https:\/\/leopold-kultur.at\/page\/wp-json\/wp\/v2\/users\/1"}],"replies":[{"embeddable":true,"href":"https:\/\/leopold-kultur.at\/page\/wp-json\/wp\/v2\/comments?post=208"}],"version-history":[{"count":10,"href":"https:\/\/leopold-kultur.at\/page\/wp-json\/wp\/v2\/pages\/208\/revisions"}],"predecessor-version":[{"id":265,"href":"https:\/\/leopold-kultur.at\/page\/wp-json\/wp\/v2\/pages\/208\/revisions\/265"}],"wp:attachment":[{"href":"https:\/\/leopold-kultur.at\/page\/wp-json\/wp\/v2\/media?parent=208"}],"curies":[{"name":"wp","href":"https:\/\/api.w.org\/{rel}","templated":true}]}}