{"id":435,"date":"2023-10-01T18:16:22","date_gmt":"2023-10-01T16:16:22","guid":{"rendered":"https:\/\/leopold-kultur.at\/page\/?page_id=435"},"modified":"2023-10-02T10:19:52","modified_gmt":"2023-10-02T08:19:52","slug":"orgelkonzert-stefan-donner-2023","status":"publish","type":"page","link":"https:\/\/leopold-kultur.at\/page\/orgelkonzert-stefan-donner-2023\/","title":{"rendered":"Orgelkonzert Stefan Donner 2023"},"content":{"rendered":"\n<p>Das <strong>Orgelkonzert Stefan Donner 2023<\/strong> fand am 30.9.2023 in der Katholischen Kirche Am Tabor statt.<\/p>\n\n\n\n<p>Der Organist MMag. Stefan Donner pr\u00e4sentierte Werke von Bach, Reger, Heiller und Gade.<\/p>\n\n\n\n<figure class=\"wp-block-image size-full\"><img fetchpriority=\"high\" decoding=\"async\" width=\"640\" height=\"953\" src=\"https:\/\/leopold-kultur.at\/page\/wp-content\/uploads\/2023\/10\/OrgeluStefanDonner_20230930.jpg\" alt=\"\" class=\"wp-image-455\" srcset=\"https:\/\/leopold-kultur.at\/page\/wp-content\/uploads\/2023\/10\/OrgeluStefanDonner_20230930.jpg 640w, https:\/\/leopold-kultur.at\/page\/wp-content\/uploads\/2023\/10\/OrgeluStefanDonner_20230930-201x300.jpg 201w\" sizes=\"(max-width: 640px) 100vw, 640px\" \/><\/figure>\n\n\n\n<p><strong>Johann Sebastian Bach (1685 \u2013 1750): Sinfonia aus der Kantate<\/strong><br><strong><em>Wir danken dir, Gott, wir danken dir, BWV 29<\/em><\/strong><br>Der urspr\u00fcnglich als Preludio der Partita E-Dur, BWV 1006 f\u00fcr Violine solo konzipierte Satz wurde von Bach sp\u00e4ter als Er\u00f6ffnungssatz f\u00fcr die Kantate <em>Wir danken&nbsp;dir, Gott, wir danken dir, BWV 29 <\/em>aufgegriffen und schlie\u00dflich in einer Bearbeitung f\u00fcr BWV 29 verwendet. Eine Kantate mit einem einleitenden Instrumentalsatz (\u201eSinfonia\u201c) zu er\u00f6ffnen, stellt im Bach\u2019schen Kantatenwerk eine Besonderheit dar. Bemerkenswert ist au\u00dferdem, dass dabei die Orgel einen Solopart \u00fcbernimmt. Die Bearbeitung f\u00fcr Orgel stammt nicht von Bach selbst, sondern vom franz\u00f6sischen Organisten Marcel Dupr\u00e9.<\/p>\n\n\n\n<p><strong>Max Reger (1873 \u2013 1916): aus Zw\u00f6lf St\u00fccke f\u00fcr die Orgel, op. 59<\/strong><br><strong><em>8. Gloria in excelsis &#8211; 11. Melodia \u2013 12. Te Deum<\/em><\/strong><br>Max Regers Zyklus der&nbsp;<em>Zw\u00f6lf St\u00fccke f\u00fcr die Orgel&nbsp;<\/em>besteht aus zw\u00f6lf reizvollen und relativ kurzen Charakterst\u00fccken, die im Jahr 1911 vollendet wurden. Der Zyklus wurde in zwei B\u00e4nden zu jeweils 6 St\u00fccken herausgegeben.<\/p>\n\n\n\n<p><strong>Anton Heiller (1923 \u2013 1979): Zwei kleine Partiten (1947) &#8211; 100. Geburtstag am 15.9.2023<\/strong><br><strong><em>1. Freu dich sehr, o meine Seele \u2013 2. Vater unser, im Himmelreich<\/em><\/strong><br>Am 15. September 2023 j\u00e4hrt sich der Geburtstag Anton Heillers zum hundertsten Mal. Nach Studien an der Wiener Musikhochschule wurde Heiller zum Milit\u00e4rdienst einberufen. Nach Kriegsende erfolgte die Berufung zum Professor ans Institut f\u00fcr Kirchenmusik der Musikhochschule Wien, wo Heiller bis zu seinem Tod im M\u00e4rz 1979 Orgel, Komposition und Tonsatz unterrichtete. Die zwei kleinen Partiten entstanden im Jahr 1947 und bezeugen die fr\u00fche musikalische und kompositorische Reife des jungen Anton Heillers.<\/p>\n\n\n\n<p><strong>Max Reger (1873 \u2013 1916): aus Zw\u00f6lf St\u00fccke f\u00fcr die Orgel, op. 59<\/strong><br><strong><em>2. Pastorale \u2013 3. Intermezzo \u2013 4. Canon<\/em><\/strong><br>Drei St\u00fccke aus dem 1. Band des Zyklus &nbsp;<em>Zw\u00f6lf St\u00fccke f\u00fcr die Orgel.<\/em><\/p>\n\n\n\n<p><strong>Nils Wilhelm Gade (1817 \u2013 1890): Drei Tonst\u00fccke, op. 22<\/strong><br><strong><em>1. Moderato \u2013 2. Allegretto \u2013 3. Allegro<\/em><\/strong><br>Nils Wilhelm Gades Tonst\u00fccke waren urspr\u00fcnglich Teil einer viers\u00e4tzigen Sonate, wovon von Gade ein Satz gestrichen wurde und die \u00fcbrigen drei S\u00e4tze schlie\u00dflich zu einem zyklischen Werk (Drei Tonst\u00fccke) vereint wurden. Obwohl der d\u00e4nische Komponist selbst eine langj\u00e4hrige Organistent\u00e4tigkeit aus\u00fcbte, entstanden neben den Tonst\u00fccken au\u00dfer einigen Choralbearbeitungen, zwei Trios und einem Andante keine weiteren Orgelwerke. Das Werk D<em>rei Tonst\u00fccke <\/em>kann somit&nbsp;zweifellos zu den Hauptwerken f\u00fcr die Orgel Gades gesehen werden.<\/p>\n\n\n\n<p><\/p>\n\n\n\n<p><strong>H\u00f6rproben:<\/strong><\/p>\n\n\n\n<p>Dazu d\u00fcrfen wir vom ersten, vorletzten und letzten St\u00fcck hiermit H\u00f6rproben (jeweils die ersten 1 1\/2 bis 2 Minuten) pr\u00e4sentieren.<\/p>\n\n\n\n<figure class=\"wp-block-audio\"><audio controls src=\"https:\/\/leopold-kultur.at\/page\/wp-content\/uploads\/2023\/10\/Orgelkonzert_Hoerprobe1_1-1.mp3\"><\/audio><\/figure>\n\n\n\n<figure class=\"wp-block-audio\"><audio controls src=\"https:\/\/leopold-kultur.at\/page\/wp-content\/uploads\/2023\/10\/Orgelkonzert_Hoerprobe2_1-1.mp3\"><\/audio><\/figure>\n\n\n\n<figure class=\"wp-block-audio\"><audio controls src=\"https:\/\/leopold-kultur.at\/page\/wp-content\/uploads\/2023\/10\/Orgelkonzert_Hoerprobe3_1-1.mp3\"><\/audio><\/figure>\n\n\n\n<p><\/p>\n\n\n\n<p><\/p>\n","protected":false},"excerpt":{"rendered":"<p>Das Orgelkonzert Stefan Donner 2023 fand am 30.9.2023 in der Katholischen Kirche Am Tabor statt. Der Organist MMag. Stefan Donner pr\u00e4sentierte Werke von Bach, Reger, Heiller und Gade. Johann Sebastian Bach (1685 \u2013 1750): Sinfonia aus der KantateWir danken dir, Gott, wir danken dir, BWV 29Der urspr\u00fcnglich als Preludio der Partita E-Dur, BWV 1006 f\u00fcr&hellip;&nbsp;<a href=\"https:\/\/leopold-kultur.at\/page\/orgelkonzert-stefan-donner-2023\/\" rel=\"bookmark\">Weiterlesen &raquo;<span class=\"screen-reader-text\">Orgelkonzert Stefan Donner 2023<\/span><\/a><\/p>\n","protected":false},"author":1,"featured_media":0,"parent":0,"menu_order":0,"comment_status":"closed","ping_status":"closed","template":"","meta":{"neve_meta_sidebar":"","neve_meta_container":"","neve_meta_enable_content_width":"","neve_meta_content_width":0,"neve_meta_title_alignment":"","neve_meta_author_avatar":"","neve_post_elements_order":"","neve_meta_disable_header":"","neve_meta_disable_footer":"","neve_meta_disable_title":"","footnotes":""},"class_list":["post-435","page","type-page","status-publish","hentry"],"_links":{"self":[{"href":"https:\/\/leopold-kultur.at\/page\/wp-json\/wp\/v2\/pages\/435","targetHints":{"allow":["GET"]}}],"collection":[{"href":"https:\/\/leopold-kultur.at\/page\/wp-json\/wp\/v2\/pages"}],"about":[{"href":"https:\/\/leopold-kultur.at\/page\/wp-json\/wp\/v2\/types\/page"}],"author":[{"embeddable":true,"href":"https:\/\/leopold-kultur.at\/page\/wp-json\/wp\/v2\/users\/1"}],"replies":[{"embeddable":true,"href":"https:\/\/leopold-kultur.at\/page\/wp-json\/wp\/v2\/comments?post=435"}],"version-history":[{"count":5,"href":"https:\/\/leopold-kultur.at\/page\/wp-json\/wp\/v2\/pages\/435\/revisions"}],"predecessor-version":[{"id":457,"href":"https:\/\/leopold-kultur.at\/page\/wp-json\/wp\/v2\/pages\/435\/revisions\/457"}],"wp:attachment":[{"href":"https:\/\/leopold-kultur.at\/page\/wp-json\/wp\/v2\/media?parent=435"}],"curies":[{"name":"wp","href":"https:\/\/api.w.org\/{rel}","templated":true}]}}