{"id":475,"date":"2023-11-10T17:26:17","date_gmt":"2023-11-10T16:26:17","guid":{"rendered":"https:\/\/leopold-kultur.at\/page\/?page_id=475"},"modified":"2023-11-11T12:29:22","modified_gmt":"2023-11-11T11:29:22","slug":"literaturabend-leopoldstadt-2023","status":"publish","type":"page","link":"https:\/\/leopold-kultur.at\/page\/literaturabend-leopoldstadt-2023\/","title":{"rendered":"Literaturabend Leopoldstadt 2023"},"content":{"rendered":"<figure><img decoding=\"async\" src=\"https:\/\/leopold-kultur.at\/page\/wp-content\/uploads\/2023\/11\/Literaturabend2023.jpg\" alt=\"\" \/><\/figure>\n\n<p>Am Mittwoch, 8.11.2023 fand der Literaturabend Leopoldstadt mit den Literatinnen <img decoding=\"async\" style=\"width: 60px; height: auto;\" src=\"https:\/\/leopold-kultur.at\/page\/wp-content\/uploads\/2023\/11\/grafik.png\" alt=\"Ingrid P\u00f6lcz\" \/> Ingrid P\u00f6lcz, <img decoding=\"async\" src=\"https:\/\/leopold-kultur.at\/page\/wp-content\/uploads\/2023\/11\/grafik-1.png\" alt=\"Herta Hum\" \/> Herta Hum, <img decoding=\"async\" src=\"https:\/\/leopold-kultur.at\/page\/wp-content\/uploads\/2023\/11\/grafik-2.png\" alt=\"Agnes Thinschmidt\" \/> Agnes Thinschmidt sowie <img decoding=\"async\" src=\"https:\/\/leopold-kultur.at\/page\/wp-content\/uploads\/2023\/11\/grafik-3.png\" alt=\"Theresa Philippi\" \/> Theresa Philippi (in memoriam <img decoding=\"async\" src=\"https:\/\/leopold-kultur.at\/page\/wp-content\/uploads\/2023\/11\/grafik-4.png\" alt=\"Hilde Philippi\" \/> Hilde Philippi) im <em>\u00a0Festsaal des Magistratischen Bezirksamtes 1020 Wien<\/em> statt. Beobachtungen aus dem Alltag wurden in Form von Mundartgedichten mit heiterem, aber auch ernstem Inhalt vor einem respektablem Publikum vorgetragen.<\/p>\n\n<p>Wir danken den Literatinnen f\u00fcr Ihre Lesungen sowie allen Teilnehmern f\u00fcrs Kommen!<\/p>\n\n<p>Programmfolder: <a href=\"https:\/\/leopold-kultur.at\/page\/wp-content\/uploads\/2023\/11\/Literaturabend_LiLaLei.pdf\">Literaturabend Leopoldstadt 2023<\/a><\/p>\n\n<p>H\u00f6rproben: Die folgenden Audiodateien liefern kurze Ausschnitte (Dauer je 1-2 Minuten) aus den Lesungen von Ingrid P\u00f6lcz (Puzzlefan), Herta Hum (Grillfest), Agnes Thinschmidt (Wien) und Theresa Philippi (Novemberfr\u00fchling).<\/p>\n\n\n<figure class=\"wp-block-audio\"><audio controls src=\"https:\/\/leopold-kultur.at\/page\/wp-content\/uploads\/2023\/11\/IngridPoelcz_Puzzlefan.mp3\"><\/audio><\/figure>\n\n\n\n<figure class=\"wp-block-audio\"><audio controls src=\"https:\/\/leopold-kultur.at\/page\/wp-content\/uploads\/2023\/11\/HertaHum_Grillfest.mp3\"><\/audio><\/figure>\n\n\n\n<figure class=\"wp-block-audio\"><audio controls src=\"https:\/\/leopold-kultur.at\/page\/wp-content\/uploads\/2023\/11\/AgnesThinschmidt_Wien.mp3\"><\/audio><\/figure>\n\n\n\n<figure class=\"wp-block-audio\"><audio controls src=\"https:\/\/leopold-kultur.at\/page\/wp-content\/uploads\/2023\/11\/TheresaPhilippi_Novemberfruehling.mp3\"><\/audio><\/figure>\n","protected":false},"excerpt":{"rendered":"<p>Am Mittwoch, 8.11.2023 fand der Literaturabend Leopoldstadt mit den Literatinnen Ingrid P\u00f6lcz, Herta Hum, Agnes Thinschmidt sowie Theresa Philippi (in memoriam Hilde Philippi) im \u00a0Festsaal des Magistratischen Bezirksamtes 1020 Wien statt. Beobachtungen aus dem Alltag wurden in Form von Mundartgedichten mit heiterem, aber auch ernstem Inhalt vor einem respektablem Publikum vorgetragen. Wir danken den Literatinnen&hellip;&nbsp;<a href=\"https:\/\/leopold-kultur.at\/page\/literaturabend-leopoldstadt-2023\/\" rel=\"bookmark\">Weiterlesen &raquo;<span class=\"screen-reader-text\">Literaturabend Leopoldstadt 2023<\/span><\/a><\/p>\n","protected":false},"author":1,"featured_media":0,"parent":0,"menu_order":0,"comment_status":"closed","ping_status":"closed","template":"","meta":{"neve_meta_sidebar":"","neve_meta_container":"","neve_meta_enable_content_width":"","neve_meta_content_width":0,"neve_meta_title_alignment":"","neve_meta_author_avatar":"","neve_post_elements_order":"","neve_meta_disable_header":"","neve_meta_disable_footer":"","neve_meta_disable_title":"","footnotes":""},"class_list":["post-475","page","type-page","status-publish","hentry"],"_links":{"self":[{"href":"https:\/\/leopold-kultur.at\/page\/wp-json\/wp\/v2\/pages\/475","targetHints":{"allow":["GET"]}}],"collection":[{"href":"https:\/\/leopold-kultur.at\/page\/wp-json\/wp\/v2\/pages"}],"about":[{"href":"https:\/\/leopold-kultur.at\/page\/wp-json\/wp\/v2\/types\/page"}],"author":[{"embeddable":true,"href":"https:\/\/leopold-kultur.at\/page\/wp-json\/wp\/v2\/users\/1"}],"replies":[{"embeddable":true,"href":"https:\/\/leopold-kultur.at\/page\/wp-json\/wp\/v2\/comments?post=475"}],"version-history":[{"count":8,"href":"https:\/\/leopold-kultur.at\/page\/wp-json\/wp\/v2\/pages\/475\/revisions"}],"predecessor-version":[{"id":508,"href":"https:\/\/leopold-kultur.at\/page\/wp-json\/wp\/v2\/pages\/475\/revisions\/508"}],"wp:attachment":[{"href":"https:\/\/leopold-kultur.at\/page\/wp-json\/wp\/v2\/media?parent=475"}],"curies":[{"name":"wp","href":"https:\/\/api.w.org\/{rel}","templated":true}]}}