{"id":71,"date":"2021-02-06T22:13:00","date_gmt":"2021-02-06T21:13:00","guid":{"rendered":"https:\/\/leopold-kultur.at\/page\/?page_id=71"},"modified":"2021-12-14T11:23:32","modified_gmt":"2021-12-14T10:23:32","slug":"veranstaltungen-2021","status":"publish","type":"page","link":"https:\/\/leopold-kultur.at\/page\/veranstaltungen-2021\/","title":{"rendered":"Veranstaltungen 2021"},"content":{"rendered":"\n<p>Sehr geehrte Besucherinnen und Besucher!<\/p>\n\n\n\n<p>Bitte beachten Sie, dass die Veranstaltungen f\u00fcr das Jahr 2021 aufgrund der COVID-19 Pandemie eventuell abgesagt werden m\u00fcssen (Lockdown, Ausgangsverbote, etc.).<\/p>\n\n\n\n<p>Falls Sie Interesse an einer Veranstaltung haben schicken Sie uns bitte eine <strong>Voranmeldung <\/strong>per E-Mail an <a href=\"mailto:obfrau@leopold-kultur.at\">obfrau@leopold-kultur.at<\/a> oder f\u00fcllen Sie das <strong>Voranmeldeformular <\/strong>unten aus &#8211; Vielen Dank!<\/p>\n\n\n\n<figure class=\"wp-block-table\"><table><tbody><tr><td>Datum<\/td><td>Genre<\/td><td>Inhalt\/Beschreibung<\/td><\/tr><tr><td><strong>16. Dezember 2021<br>Einlass ab 18:00<\/strong><br><strong>Beginn um 18:30<\/strong><\/td><td><strong>Konzert<\/strong><br>Eintritt kostenlos!<br><br>Anmeldung erforderlich (siehe unten)<\/td><td><strong>Advent- und Weihnachtsveranstaltung<\/strong> (Weihnachtskonzert 2)<br><em>Ort: Festsaal der Bezirksvorstehung Leopoldstadt, Karmelitergasse 9, 1020 Wien<\/em><br>Wiener Posaunenchor gestaltet den Advent<br><br>&#8211; Programm: <a href=\"https:\/\/leopold-kultur.at\/page\/wp-content\/uploads\/2021\/12\/LBZ_Orgelkonzert_2021.pdf\" data-type=\"URL\">hier klicken<\/a> und die <a href=\"https:\/\/leopold-kultur.at\/page\/programm-weihnachtskonzert-ii\/\" data-type=\"page\" data-id=\"171\">Biographie der Musiker:innen<\/a>!<br>&#8211; Aufgrund der Corona-Bestimmungen sind nur <strong>begrenzte Sitzpl\u00e4tze <\/strong>vorhanden, wir bitten daher um eine <strong>verpflichtende Anmeldung <\/strong>unter <a href=\"mailto:obfrau@leopold-kultur.at\">obfrau@leopold-kultur.at<\/a> oder mit dem Anmeldeformular unten.<br><em>ACHTUNG: nicht angemeldete Personen, die die h\u00f6chstzul\u00e4ssige Besucher:innenanzahl \u00fcberschreiten, k\u00f6nnen NICHT eingelassen werden!<\/em><br>&#8211; COVID-Bestimmungen beachten: Das Tragen einer<strong> FFP2-Maske<\/strong> ist verpflichtend, <strong>2G notwendig<\/strong> (genesen oder geimpft mit g\u00fcltigem Zertifikat)!<\/td><\/tr><tr><td><strong>19. Dezember 2021<br>Einlass ab 17:30<\/strong><br><strong>Beginn um 18:00<\/strong><\/td><td><strong>Orgelkonzert<\/strong><br>Eintritt kostenlos!<br><br>Anmeldung erforderlich (siehe unten)<\/td><td><strong>Orgelkonzert mit Stefan Donner<\/strong><br><em>Ort: Evangelische Kirche A.B., Am Tabor 5, 1020 Wien<\/em><br>Bitte entsprechende Kleidung mitnehmen, es ist kalt!<br>(F\u00fcr eine Spende bedankt sich die evangelische Kirche A.B.!)<br><br>&#8211; Programm: <a href=\"https:\/\/leopold-kultur.at\/page\/programm-orgelkonzert-05-12-2021\/\" data-type=\"page\" data-id=\"147\">hier klicken<\/a><br>&#8211; Aufgrund der Corona-Bestimmungen sind nur <strong>begrenzte Sitzpl\u00e4tze<\/strong> vorhanden, wir bitten daher um eine <strong>verbindliche Anmeldung <\/strong>unter <a href=\"mailto:obfrau@leopold-kultur.at\">obfrau@leopold-kultur.at<\/a> oder mit dem Anmeldeformular unten.<br><em>ACHTUNG: nicht angemeldete Personen, die die h\u00f6chstzul\u00e4ssige Besucher:innenanzahl \u00fcberschreiten, k\u00f6nnen NICHT eingelassen werden!<\/em><br>&#8211; COVID-Bestimmungen beachten: Das Tragen einer <strong>FFP2-Maske<\/strong> ist verpflichtend, <strong>2G notwendig<\/strong> (genesen oder geimpft mit g\u00fcltigem Zertifikat)!<\/td><\/tr><tr><td><strong><s>Juni\/Juli<\/s><\/strong><br><strong style=\"color: red;\">wegen COVID-19 abgesagt!<\/strong><\/td><td><strong><s>K\u00fcnstlerauff\u00fchrung mit gemeinsamen Aktivit\u00e4ten<\/s><\/strong><br><s>Eintritt kostenlos!<\/s><\/td><td><s><strong>Fr\u00fchling\/Sommer in der Leopoldstadt<\/strong><br>Couplets mit aktuellen Inhalten ausgehend von Raimund und Nestroy, anschlie\u00dfend Diskussion und &#8211; wenn m\u00f6glich &#8211; Anleitung zum gemeinsamen Singen (Wiederholung des abgesagten Termins 2020)<\/s><\/td><\/tr><tr><td><strong><s>September\/Oktober<\/s><\/strong><br><strong style=\"color: red;\">wegen COVID-19 abgesagt!<\/strong><\/td><td><strong><s>Vortrag und Spurensuchen (Musik und Diskussion)<\/s><\/strong><br><s>Eintritt kostenlos!<\/s><\/td><td><strong><s>Herbstveranstaltung Leopold I. und seine Zeit in Architektur, Literatur und Musik<\/s><\/strong><br><s>Gemeinsame Suche in der Leopoldstadt<\/s><\/td><\/tr><tr><td><strong><s>5. Dezember 2021<br>ab 18:00<\/s><\/strong><br><strong style=\"color: red;\">wegen COVID-19 abgesagt!<\/strong><br><strong>neuer Termin voraussichtlich:<br>19.12.2021<\/strong> um 18:00<\/td><td><s><strong>Orgelkonzert<\/strong><br>Eintritt kostenlos!<\/s><\/td><td><s><strong>Orgelkonzert<\/strong><br><em>Ort: Evangelische Kirche A.B., Am Tabor 5, 1020 Wien<\/em><br><br>&#8211; Programm: <a href=\"https:\/\/leopold-kultur.at\/page\/programm-orgelkonzert-05-12-2021\/\" data-type=\"page\" data-id=\"147\">hier klicken<\/a><br>&#8211; Wiener COVID-Bestimmungen beachten!<\/s><\/td><\/tr><tr><td><strong><s>6. Dezember 2021<br>ab 19:30<\/s><\/strong><br><strong style=\"color: red;\">wegen COVID-19 abgesagt!<\/strong><\/td><td><s><strong>Konzert<\/strong><br>Eintritt kostenlos!<\/s><\/td><td><s><strong>Advent- und Weihnachtsveranstaltung<\/strong> (Weihnachtskonzert 1)<br><em>Ort: Festsaal der Bezirksvorstehung Leopoldstadt, Karmelitergasse 9, 1020 Wien<\/em><br><br>&#8211; Wiener COVID-Bestimmungen beachten!<\/s><\/td><\/tr><\/tbody><\/table><\/figure>\n\n\n\n<div style=\"height:150px\" aria-hidden=\"true\" class=\"wp-block-spacer\"><\/div>\n\n\n\n<h3 class=\"wp-block-heading\">Voranmeldung<\/h3>\n\n\n\n<div class=\"wp-block-contact-form-7-contact-form-selector\">\n<div class=\"wpcf7 no-js\" id=\"wpcf7-f107-o1\" lang=\"de-AT\" dir=\"ltr\" data-wpcf7-id=\"107\">\n<div class=\"screen-reader-response\"><p role=\"status\" aria-live=\"polite\" aria-atomic=\"true\"><\/p> <ul><\/ul><\/div>\n<form action=\"\/page\/wp-json\/wp\/v2\/pages\/71#wpcf7-f107-o1\" method=\"post\" class=\"wpcf7-form init\" aria-label=\"Contact form\" novalidate=\"novalidate\" data-status=\"init\">\n<fieldset class=\"hidden-fields-container\"><input type=\"hidden\" name=\"_wpcf7\" value=\"107\" \/><input type=\"hidden\" name=\"_wpcf7_version\" value=\"6.1.3\" \/><input type=\"hidden\" name=\"_wpcf7_locale\" value=\"de_AT\" \/><input type=\"hidden\" name=\"_wpcf7_unit_tag\" value=\"wpcf7-f107-o1\" \/><input type=\"hidden\" name=\"_wpcf7_container_post\" value=\"0\" \/><input type=\"hidden\" name=\"_wpcf7_posted_data_hash\" value=\"\" \/>\n<\/fieldset>\n<p>Voranmeldungen sind f\u00fcr das Jahr 2021 nicht mehr m\u00f6glich!<br \/>\n<!--\n<style>span.wpcf7-list-item {display: block;}<\/style>\n<b>Bitte beachten Sie die geltenden COVID-Bestimmungen f\u00fcr Wien zum Veranstaltungszeitpunkt!<\/b>\nAufgrund der Corona-Bestimmungen sind nur <b>begrenzte Sitzpl\u00e4tze vorhanden<\/b>, wir bitten daher um eine verpflichtende Anmeldung. Nicht angemeldete Personen, die die h\u00f6chstzul\u00e4ssige Besucher:innenanzahl \u00fcberschreiten, k\u00f6nnen NICHT eingelassen werden!\n\n<label> <b>Vorname und NACHNAME<\/b>\n    <span class=\"wpcf7-form-control-wrap\" data-name=\"your-name\"><input size=\"40\" maxlength=\"400\" class=\"wpcf7-form-control wpcf7-text wpcf7-validates-as-required\" aria-required=\"true\" aria-invalid=\"false\" value=\"\" type=\"text\" name=\"your-name\" \/><\/span> <\/label>\n<label> <b>E-Mail<\/b>\n    <span class=\"wpcf7-form-control-wrap\" data-name=\"your-email\"><input size=\"40\" maxlength=\"400\" class=\"wpcf7-form-control wpcf7-email wpcf7-validates-as-required wpcf7-text wpcf7-validates-as-email\" aria-required=\"true\" aria-invalid=\"false\" value=\"\" type=\"email\" name=\"your-email\" \/><\/span> <\/label>\n<label> <b>Veranstaltung:<\/b> <\/label>\n<span class=\"wpcf7-form-control-wrap\" data-name=\"radio-sel\"><span class=\"wpcf7-form-control wpcf7-radio\"><span class=\"wpcf7-list-item first last\"><label><input type=\"radio\" name=\"radio-sel\" value=\"19. Dezember um 18:00 Uhr: Orgelkonzert mit Stefan Donner\" \/><span class=\"wpcf7-list-item-label\">19. Dezember um 18:00 Uhr: Orgelkonzert mit Stefan Donner<\/span><\/label><\/span><\/span><\/span>\n\n<input class=\"wpcf7-form-control wpcf7-submit has-spinner\" type=\"submit\" value=\"Voranmelden\" \/>\n-->\n<\/p><div class=\"wpcf7-response-output\" aria-hidden=\"true\"><\/div>\n<\/form>\n<\/div>\n<\/div>\n\n\n\n<div class=\"wp-block-image\"><figure class=\"aligncenter size-large is-resized\"><img fetchpriority=\"high\" decoding=\"async\" src=\"https:\/\/leopold-kultur.at\/page\/wp-content\/uploads\/2021\/06\/Basis-Kultur-Wien_Logo_Referatsabteilungslogo_Kultur-Vor-Ort_3C-1024x1024.png\" alt=\"\" class=\"wp-image-99\" width=\"256\" height=\"256\" srcset=\"https:\/\/leopold-kultur.at\/page\/wp-content\/uploads\/2021\/06\/Basis-Kultur-Wien_Logo_Referatsabteilungslogo_Kultur-Vor-Ort_3C-1024x1024.png 1024w, https:\/\/leopold-kultur.at\/page\/wp-content\/uploads\/2021\/06\/Basis-Kultur-Wien_Logo_Referatsabteilungslogo_Kultur-Vor-Ort_3C-300x300.png 300w, https:\/\/leopold-kultur.at\/page\/wp-content\/uploads\/2021\/06\/Basis-Kultur-Wien_Logo_Referatsabteilungslogo_Kultur-Vor-Ort_3C-150x150.png 150w, https:\/\/leopold-kultur.at\/page\/wp-content\/uploads\/2021\/06\/Basis-Kultur-Wien_Logo_Referatsabteilungslogo_Kultur-Vor-Ort_3C-768x767.png 768w, https:\/\/leopold-kultur.at\/page\/wp-content\/uploads\/2021\/06\/Basis-Kultur-Wien_Logo_Referatsabteilungslogo_Kultur-Vor-Ort_3C.png 1183w\" sizes=\"(max-width: 256px) 100vw, 256px\" \/><\/figure><\/div>\n\n\n\n<p><\/p>\n","protected":false},"excerpt":{"rendered":"<p>Sehr geehrte Besucherinnen und Besucher! Bitte beachten Sie, dass die Veranstaltungen f\u00fcr das Jahr 2021 aufgrund der COVID-19 Pandemie eventuell abgesagt werden m\u00fcssen (Lockdown, Ausgangsverbote, etc.). Falls Sie Interesse an einer Veranstaltung haben schicken Sie uns bitte eine Voranmeldung per E-Mail an obfrau@leopold-kultur.at oder f\u00fcllen Sie das Voranmeldeformular unten aus &#8211; Vielen Dank! Datum Genre&hellip;&nbsp;<a href=\"https:\/\/leopold-kultur.at\/page\/veranstaltungen-2021\/\" rel=\"bookmark\">Weiterlesen &raquo;<span class=\"screen-reader-text\">Veranstaltungen 2021<\/span><\/a><\/p>\n","protected":false},"author":1,"featured_media":0,"parent":0,"menu_order":0,"comment_status":"closed","ping_status":"closed","template":"","meta":{"neve_meta_sidebar":"full-width","neve_meta_container":"","neve_meta_enable_content_width":"on","neve_meta_content_width":100,"neve_meta_title_alignment":"","neve_meta_author_avatar":"","neve_post_elements_order":"","neve_meta_disable_header":"","neve_meta_disable_footer":"","neve_meta_disable_title":"","footnotes":""},"class_list":["post-71","page","type-page","status-publish","hentry"],"_links":{"self":[{"href":"https:\/\/leopold-kultur.at\/page\/wp-json\/wp\/v2\/pages\/71","targetHints":{"allow":["GET"]}}],"collection":[{"href":"https:\/\/leopold-kultur.at\/page\/wp-json\/wp\/v2\/pages"}],"about":[{"href":"https:\/\/leopold-kultur.at\/page\/wp-json\/wp\/v2\/types\/page"}],"author":[{"embeddable":true,"href":"https:\/\/leopold-kultur.at\/page\/wp-json\/wp\/v2\/users\/1"}],"replies":[{"embeddable":true,"href":"https:\/\/leopold-kultur.at\/page\/wp-json\/wp\/v2\/comments?post=71"}],"version-history":[{"count":28,"href":"https:\/\/leopold-kultur.at\/page\/wp-json\/wp\/v2\/pages\/71\/revisions"}],"predecessor-version":[{"id":217,"href":"https:\/\/leopold-kultur.at\/page\/wp-json\/wp\/v2\/pages\/71\/revisions\/217"}],"wp:attachment":[{"href":"https:\/\/leopold-kultur.at\/page\/wp-json\/wp\/v2\/media?parent=71"}],"curies":[{"name":"wp","href":"https:\/\/api.w.org\/{rel}","templated":true}]}}